CRAN Package Check Results for Package ggExtra

Last updated on 2020-05-30 12:48:11 CEST.

Flavor Version Tinstall Tcheck Ttotal Status Flags
r-devel-linux-x86_64-debian-clang 0.9 5.38 45.83 51.21 OK
r-devel-linux-x86_64-debian-gcc 0.9 4.81 35.74 40.55 OK
r-devel-linux-x86_64-fedora-clang 0.9 60.58 NOTE
r-devel-linux-x86_64-fedora-gcc 0.9 59.47 NOTE
r-devel-windows-ix86+x86_64 0.9 17.00 92.00 109.00 OK
r-patched-linux-x86_64 0.9 5.91 45.10 51.01 OK
r-patched-solaris-x86 0.9 92.10 NOTE
r-release-linux-x86_64 0.9 5.33 45.06 50.39 OK
r-release-osx-x86_64 0.9 NOTE
r-release-windows-ix86+x86_64 0.9 11.00 83.00 94.00 OK
r-oldrel-osx-x86_64 0.9 NOTE
r-oldrel-windows-ix86+x86_64 0.9 10.00 69.00 79.00 OK

Check Details

Version: 0.9
Check: dependencies in R code
Result: NOTE
    Namespaces in Imports field not imported from:
     ‘R6’ ‘grDevices’ ‘scales’ ‘utils’
     All declared Imports should be used.
Flavors: r-devel-linux-x86_64-fedora-clang, r-devel-linux-x86_64-fedora-gcc, r-patched-solaris-x86, r-release-osx-x86_64, r-oldrel-osx-x86_64