Last updated on 2025-01-19 05:49:09 CET.
Flavor | Version | Tinstall | Tcheck | Ttotal | Status | Flags |
---|---|---|---|---|---|---|
r-devel-linux-x86_64-debian-clang | 0.1.5 | 6.19 | 45.19 | 51.38 | OK | |
r-devel-linux-x86_64-debian-gcc | 0.1.5 | 4.39 | 32.00 | 36.39 | OK | |
r-devel-linux-x86_64-fedora-clang | 0.1.5 | 81.24 | OK | |||
r-devel-linux-x86_64-fedora-gcc | 0.1.5 | 80.79 | OK | |||
r-devel-windows-x86_64 | 0.1.5 | 8.00 | 60.00 | 68.00 | OK | |
r-patched-linux-x86_64 | 0.1.5 | 5.29 | 41.22 | 46.51 | NOTE | |
r-release-linux-x86_64 | 0.1.5 | 5.89 | 40.98 | 46.87 | NOTE | |
r-release-macos-arm64 | 0.1.5 | 30.00 | NOTE | |||
r-release-macos-x86_64 | 0.1.5 | 47.00 | NOTE | |||
r-release-windows-x86_64 | 0.1.5 | 9.00 | 69.00 | 78.00 | NOTE | |
r-oldrel-macos-arm64 | 0.1.5 | 31.00 | NOTE | |||
r-oldrel-macos-x86_64 | 0.1.5 | 51.00 | NOTE | |||
r-oldrel-windows-x86_64 | 0.1.5 | 10.00 | 67.00 | 77.00 | NOTE |
Version: 0.1.5
Check: LazyData
Result: NOTE
'LazyData' is specified without a 'data' directory
Flavors: r-patched-linux-x86_64, r-release-linux-x86_64, r-release-macos-arm64, r-release-macos-x86_64, r-release-windows-x86_64, r-oldrel-macos-arm64, r-oldrel-macos-x86_64, r-oldrel-windows-x86_64