Last updated on 2025-01-19 05:49:09 CET.
Flavor | Version | Tinstall | Tcheck | Ttotal | Status | Flags |
---|---|---|---|---|---|---|
r-devel-linux-x86_64-debian-clang | 1.0.2 | 5.63 | 63.06 | 68.69 | NOTE | |
r-devel-linux-x86_64-debian-gcc | 1.0.2 | 4.02 | 44.47 | 48.49 | NOTE | |
r-devel-linux-x86_64-fedora-clang | 1.0.2 | 113.11 | NOTE | |||
r-devel-linux-x86_64-fedora-gcc | 1.0.2 | 119.71 | NOTE | |||
r-devel-windows-x86_64 | 1.0.2 | 8.00 | 76.00 | 84.00 | NOTE | |
r-patched-linux-x86_64 | 1.0.2 | 5.84 | 55.77 | 61.61 | NOTE | |
r-release-linux-x86_64 | 1.0.2 | 5.44 | 55.76 | 61.20 | NOTE | |
r-release-macos-arm64 | 1.0.2 | 38.00 | NOTE | |||
r-release-macos-x86_64 | 1.0.2 | 56.00 | NOTE | |||
r-release-windows-x86_64 | 1.0.2 | 9.00 | 79.00 | 88.00 | NOTE | |
r-oldrel-macos-arm64 | 1.0.2 | 38.00 | NOTE | |||
r-oldrel-macos-x86_64 | 1.0.2 | 61.00 | NOTE | |||
r-oldrel-windows-x86_64 | 1.0.2 | 9.00 | 88.00 | 97.00 | NOTE |
Version: 1.0.2
Check: package subdirectories
Result: NOTE
Problems with news in ‘NEWS.md’:
Cannot extract version info from the following section titles:
Win CRAN check results - R Windows
Flavors: r-devel-linux-x86_64-debian-clang, r-devel-linux-x86_64-debian-gcc, r-devel-linux-x86_64-fedora-clang, r-devel-linux-x86_64-fedora-gcc, r-devel-windows-x86_64, r-patched-linux-x86_64, r-release-linux-x86_64, r-release-macos-arm64, r-release-macos-x86_64, r-release-windows-x86_64, r-oldrel-macos-arm64, r-oldrel-macos-x86_64, r-oldrel-windows-x86_64