CRAN Package Check Results for Package ggaligner

Last updated on 2025-01-19 05:49:09 CET.

Flavor Version Tinstall Tcheck Ttotal Status Flags
r-devel-linux-x86_64-debian-clang 0.1 17.61 140.55 158.16 OK
r-devel-linux-x86_64-debian-gcc 0.1 12.57 94.07 106.64 OK
r-devel-linux-x86_64-fedora-clang 0.1 248.91 OK
r-devel-linux-x86_64-fedora-gcc 0.1 250.40 OK
r-devel-windows-x86_64 0.1 20.00 124.00 144.00 OK
r-patched-linux-x86_64 0.1 15.05 122.94 137.99 OK
r-release-linux-x86_64 0.1 16.61 126.33 142.94 OK
r-release-macos-arm64 0.1 69.00 OK
r-release-macos-x86_64 0.1 101.00 OK
r-release-windows-x86_64 0.1 18.00 128.00 146.00 OK
r-oldrel-macos-arm64 0.1 15.00 ERROR
r-oldrel-macos-x86_64 0.1 13.00 ERROR
r-oldrel-windows-x86_64 0.1 21.00 159.00 180.00 OK

Check Details

Version: 0.1
Check: package dependencies
Result: ERROR Package required but not available: ‘ggmsa’ See section ‘The DESCRIPTION file’ in the ‘Writing R Extensions’ manual. Flavors: r-oldrel-macos-arm64, r-oldrel-macos-x86_64