CRAN Package Check Results for Package ggamma

Last updated on 2025-01-19 05:49:09 CET.

Flavor Version Tinstall Tcheck Ttotal Status Flags
r-devel-linux-x86_64-debian-clang 1.0.1 1.57 22.27 23.84 OK
r-devel-linux-x86_64-debian-gcc 1.0.1 1.37 18.03 19.40 OK
r-devel-linux-x86_64-fedora-clang 1.0.1 41.42 OK
r-devel-linux-x86_64-fedora-gcc 1.0.1 37.57 OK
r-devel-windows-x86_64 1.0.1 4.00 49.00 53.00 OK
r-patched-linux-x86_64 1.0.1 1.50 21.20 22.70 NOTE
r-release-linux-x86_64 1.0.1 1.53 21.06 22.59 NOTE
r-release-macos-arm64 1.0.1 18.00 NOTE
r-release-macos-x86_64 1.0.1 25.00 NOTE
r-release-windows-x86_64 1.0.1 3.00 49.00 52.00 NOTE
r-oldrel-macos-arm64 1.0.1 18.00 NOTE
r-oldrel-macos-x86_64 1.0.1 24.00 NOTE
r-oldrel-windows-x86_64 1.0.1 3.00 53.00 56.00 NOTE

Check Details

Version: 1.0.1
Check: LazyData
Result: NOTE 'LazyData' is specified without a 'data' directory Flavors: r-patched-linux-x86_64, r-release-linux-x86_64, r-release-macos-arm64, r-release-macos-x86_64, r-release-windows-x86_64, r-oldrel-macos-arm64, r-oldrel-macos-x86_64, r-oldrel-windows-x86_64