CRAN Package Check Results for Package ggbeeswarm

Last updated on 2025-01-19 05:49:09 CET.

Flavor Version Tinstall Tcheck Ttotal Status Flags
r-devel-linux-x86_64-debian-clang 0.7.2 4.39 56.77 61.16 NOTE
r-devel-linux-x86_64-debian-gcc 0.7.2 3.73 40.14 43.87 NOTE
r-devel-linux-x86_64-fedora-clang 0.7.2 98.65 OK
r-devel-linux-x86_64-fedora-gcc 0.7.2 104.52 OK
r-devel-windows-x86_64 0.7.2 7.00 82.00 89.00 NOTE
r-patched-linux-x86_64 0.7.2 8.98 52.32 61.30 OK
r-release-linux-x86_64 0.7.2 4.78 52.63 57.41 OK
r-release-macos-arm64 0.7.2 42.00 OK
r-release-macos-x86_64 0.7.2 56.00 OK
r-release-windows-x86_64 0.7.2 6.00 85.00 91.00 OK
r-oldrel-macos-arm64 0.7.2 39.00 OK
r-oldrel-macos-x86_64 0.7.2 79.00 OK
r-oldrel-windows-x86_64 0.7.2 8.00 91.00 99.00 OK

Check Details

Version: 0.7.2
Check: Rd cross-references
Result: NOTE Found the following Rd file(s) with Rd \link{} targets missing package anchors: geom_quasirandom.Rd: geom_boxplot Please provide package anchors for all Rd \link{} targets not in the package itself and the base packages. Flavors: r-devel-linux-x86_64-debian-clang, r-devel-linux-x86_64-debian-gcc, r-devel-windows-x86_64