Last updated on 2025-01-19 05:49:09 CET.
Flavor | Version | Tinstall | Tcheck | Ttotal | Status | Flags |
---|---|---|---|---|---|---|
r-devel-linux-x86_64-debian-clang | 0.8.1 | 114.32 | 146.62 | 260.94 | OK | |
r-devel-linux-x86_64-debian-gcc | 0.8.1 | 73.94 | 103.17 | 177.11 | OK | |
r-devel-linux-x86_64-fedora-clang | 0.8.1 | 501.36 | OK | |||
r-devel-linux-x86_64-fedora-gcc | 0.8.1 | 480.22 | OK | |||
r-devel-windows-x86_64 | 0.8.1 | 115.00 | 169.00 | 284.00 | OK | |
r-patched-linux-x86_64 | 0.8.1 | 103.14 | 135.05 | 238.19 | OK | |
r-release-linux-x86_64 | 0.8.1 | 102.69 | 135.75 | 238.44 | OK | |
r-release-macos-arm64 | 0.8.1 | 110.00 | NOTE | |||
r-release-macos-x86_64 | 0.8.1 | 139.00 | NOTE | |||
r-release-windows-x86_64 | 0.8.1 | 117.00 | 164.00 | 281.00 | NOTE | |
r-oldrel-macos-arm64 | 0.8.1 | 120.00 | NOTE | |||
r-oldrel-macos-x86_64 | 0.8.1 | 220.00 | NOTE | |||
r-oldrel-windows-x86_64 | 0.8.1 | 133.00 | 209.00 | 342.00 | NOTE |
Version: 0.8.1
Check: installed package size
Result: NOTE
installed size is 8.2Mb
sub-directories of 1Mb or more:
doc 3.0Mb
extdata 1.6Mb
libs 3.0Mb
Flavors: r-release-macos-arm64, r-release-macos-x86_64, r-release-windows-x86_64, r-oldrel-macos-arm64, r-oldrel-macos-x86_64, r-oldrel-windows-x86_64