CRAN Package Check Results for Package ggdark

Last updated on 2025-01-19 05:49:09 CET.

Flavor Version Tinstall Tcheck Ttotal Status Flags
r-devel-linux-x86_64-debian-clang 0.2.1 4.21 42.09 46.30 OK
r-devel-linux-x86_64-debian-gcc 0.2.1 3.42 30.91 34.33 OK
r-devel-linux-x86_64-fedora-clang 0.2.1 71.99 OK
r-devel-linux-x86_64-fedora-gcc 0.2.1 69.29 OK
r-devel-windows-x86_64 0.2.1 7.00 58.00 65.00 OK
r-patched-linux-x86_64 0.2.1 4.27 39.14 43.41 NOTE
r-release-linux-x86_64 0.2.1 4.14 39.55 43.69 NOTE
r-release-macos-arm64 0.2.1 26.00 NOTE
r-release-macos-x86_64 0.2.1 37.00 NOTE
r-release-windows-x86_64 0.2.1 8.00 59.00 67.00 NOTE
r-oldrel-macos-arm64 0.2.1 26.00 NOTE
r-oldrel-macos-x86_64 0.2.1 42.00 NOTE
r-oldrel-windows-x86_64 0.2.1 7.00 68.00 75.00 NOTE

Check Details

Version: 0.2.1
Check: LazyData
Result: NOTE 'LazyData' is specified without a 'data' directory Flavors: r-patched-linux-x86_64, r-release-linux-x86_64, r-release-macos-arm64, r-release-macos-x86_64, r-release-windows-x86_64, r-oldrel-macos-arm64, r-oldrel-macos-x86_64, r-oldrel-windows-x86_64