CRAN Package Check Results for Package ggforce

Last updated on 2025-01-19 05:49:09 CET.

Flavor Version Tinstall Tcheck Ttotal Status Flags
r-devel-linux-x86_64-debian-clang 0.4.2 71.35 135.59 206.94 OK
r-devel-linux-x86_64-debian-gcc 0.4.2 54.63 91.80 146.43 OK
r-devel-linux-x86_64-fedora-clang 0.4.2 343.07 OK
r-devel-linux-x86_64-fedora-gcc 0.4.2 352.50 OK
r-devel-windows-x86_64 0.4.2 77.00 170.00 247.00 OK
r-patched-linux-x86_64 0.4.2 73.81 129.95 203.76 OK
r-release-linux-x86_64 0.4.2 72.91 127.46 200.37 OK
r-release-macos-arm64 0.4.2 87.00 NOTE
r-release-macos-x86_64 0.4.2 134.00 NOTE
r-release-windows-x86_64 0.4.2 73.00 160.00 233.00 OK
r-oldrel-macos-arm64 0.4.2 90.00 NOTE
r-oldrel-macos-x86_64 0.4.2 193.00 NOTE
r-oldrel-windows-x86_64 0.4.2 82.00 207.00 289.00 OK

Check Details

Version: 0.4.2
Check: installed package size
Result: NOTE installed size is 22.3Mb sub-directories of 1Mb or more: help 1.2Mb libs 20.4Mb Flavors: r-release-macos-arm64, r-release-macos-x86_64, r-oldrel-macos-arm64, r-oldrel-macos-x86_64