Last updated on 2025-01-19 05:49:09 CET.
Flavor | Version | Tinstall | Tcheck | Ttotal | Status | Flags |
---|---|---|---|---|---|---|
r-devel-linux-x86_64-debian-clang | 1.0.1 | 7.48 | 116.42 | 123.90 | NOTE | |
r-devel-linux-x86_64-debian-gcc | 1.0.1 | 5.85 | 72.12 | 77.97 | NOTE | |
r-devel-linux-x86_64-fedora-clang | 1.0.1 | 195.28 | NOTE | |||
r-devel-linux-x86_64-fedora-gcc | 1.0.1 | 176.68 | NOTE | |||
r-devel-windows-x86_64 | 1.0.1 | 9.00 | 112.00 | 121.00 | NOTE | |
r-patched-linux-x86_64 | 1.0.1 | 11.66 | 99.56 | 111.22 | NOTE | |
r-release-linux-x86_64 | 1.0.1 | 7.24 | 100.83 | 108.07 | NOTE | |
r-release-macos-arm64 | 1.0.1 | 54.00 | NOTE | |||
r-release-macos-x86_64 | 1.0.1 | 81.00 | NOTE | |||
r-release-windows-x86_64 | 1.0.1 | 10.00 | 111.00 | 121.00 | NOTE | |
r-oldrel-macos-arm64 | 1.0.1 | 55.00 | OK | |||
r-oldrel-macos-x86_64 | 1.0.1 | 92.00 | OK | |||
r-oldrel-windows-x86_64 | 1.0.1 | 11.00 | 129.00 | 140.00 | OK |
Version: 1.0.1
Check: Rd files
Result: NOTE
checkRd: (-1) render_context.Rd:42: Lost braces; missing escapes or markup?
42 | \item{xmin, ymin, xmax, ymax}{Boundaries of the area in pixels. {0,0} is the
| ^
Flavors: r-devel-linux-x86_64-debian-clang, r-devel-linux-x86_64-debian-gcc, r-devel-linux-x86_64-fedora-clang, r-devel-linux-x86_64-fedora-gcc, r-devel-windows-x86_64, r-patched-linux-x86_64, r-release-linux-x86_64, r-release-macos-arm64, r-release-macos-x86_64, r-release-windows-x86_64
Version: 1.0.1
Check: Rd cross-references
Result: NOTE
Found the following Rd file(s) with Rd \link{} targets missing package
anchors:
object_support.Rd: ggplot
Please provide package anchors for all Rd \link{} targets not in the
package itself and the base packages.
Flavors: r-devel-linux-x86_64-debian-clang, r-devel-linux-x86_64-debian-gcc, r-devel-windows-x86_64