CRAN Package Check Results for Package gggap

Last updated on 2025-01-19 05:49:09 CET.

Flavor Version Tinstall Tcheck Ttotal Status Flags
r-devel-linux-x86_64-debian-clang 1.0.1 4.75 41.71 46.46 OK
r-devel-linux-x86_64-debian-gcc 1.0.1 3.44 29.79 33.23 OK
r-devel-linux-x86_64-fedora-clang 1.0.1 71.86 OK
r-devel-linux-x86_64-fedora-gcc 1.0.1 69.97 OK
r-devel-windows-x86_64 1.0.1 8.00 56.00 64.00 OK
r-patched-linux-x86_64 1.0.1 4.07 37.08 41.15 NOTE
r-release-linux-x86_64 1.0.1 4.00 37.52 41.52 NOTE
r-release-macos-arm64 1.0.1 25.00 NOTE
r-release-macos-x86_64 1.0.1 36.00 NOTE
r-release-windows-x86_64 1.0.1 8.00 59.00 67.00 NOTE
r-oldrel-macos-arm64 1.0.1 26.00 NOTE
r-oldrel-macos-x86_64 1.0.1 37.00 NOTE
r-oldrel-windows-x86_64 1.0.1 8.00 63.00 71.00 NOTE

Check Details

Version: 1.0.1
Check: LazyData
Result: NOTE 'LazyData' is specified without a 'data' directory Flavors: r-patched-linux-x86_64, r-release-linux-x86_64, r-release-macos-arm64, r-release-macos-x86_64, r-release-windows-x86_64, r-oldrel-macos-arm64, r-oldrel-macos-x86_64, r-oldrel-windows-x86_64