CRAN Package Check Results for Package gghilbertstrings

Last updated on 2025-01-19 05:49:09 CET.

Flavor Version Tinstall Tcheck Ttotal Status Flags
r-devel-linux-x86_64-debian-clang 0.3.3 10.61 93.25 103.86 NOTE
r-devel-linux-x86_64-debian-gcc 0.3.3 7.37 63.73 71.10 NOTE
r-devel-linux-x86_64-fedora-clang 0.3.3 173.84 NOTE
r-devel-linux-x86_64-fedora-gcc 0.3.3 160.21 NOTE
r-devel-windows-x86_64 0.3.3 16.00 110.00 126.00 NOTE
r-patched-linux-x86_64 0.3.3 10.44 90.20 100.64 NOTE
r-release-linux-x86_64 0.3.3 10.41 97.50 107.91 NOTE
r-release-macos-arm64 0.3.3 44.00 NOTE
r-release-macos-x86_64 0.3.3 75.00 NOTE
r-release-windows-x86_64 0.3.3 15.00 112.00 127.00 NOTE
r-oldrel-macos-arm64 0.3.3 39.00 NOTE
r-oldrel-macos-x86_64 0.3.3 79.00 NOTE
r-oldrel-windows-x86_64 0.3.3 17.00 143.00 160.00 NOTE

Check Details

Version: 0.3.3
Check: C++ specification
Result: NOTE Specified C++11: please drop specification unless essential Flavors: r-devel-linux-x86_64-debian-clang, r-devel-linux-x86_64-debian-gcc, r-devel-linux-x86_64-fedora-clang, r-devel-linux-x86_64-fedora-gcc, r-devel-windows-x86_64, r-patched-linux-x86_64, r-release-linux-x86_64, r-release-macos-arm64, r-release-macos-x86_64, r-release-windows-x86_64, r-oldrel-macos-arm64, r-oldrel-macos-x86_64, r-oldrel-windows-x86_64