Last updated on 2024-05-01 16:52:56 CEST.
Flavor | Version | Tinstall | Tcheck | Ttotal | Status | Flags |
---|---|---|---|---|---|---|
r-devel-linux-x86_64-debian-clang | 0.1.3 | 5.58 | 55.32 | 60.90 | OK | |
r-devel-linux-x86_64-debian-gcc | 0.1.3 | 4.44 | 41.17 | 45.61 | OK | |
r-devel-linux-x86_64-fedora-clang | 0.1.3 | 80.91 | NOTE | |||
r-devel-linux-x86_64-fedora-gcc | 0.1.3 | 71.63 | NOTE | |||
r-devel-windows-x86_64 | 0.1.3 | 7.00 | 62.00 | 69.00 | OK | |
r-patched-linux-x86_64 | 0.1.3 | 5.13 | 52.65 | 57.78 | OK | |
r-release-linux-x86_64 | 0.1.3 | 5.71 | 52.06 | 57.77 | OK | |
r-release-macos-arm64 | 0.1.3 | 26.00 | OK | |||
r-release-windows-x86_64 | 0.1.3 | 7.00 | 62.00 | 69.00 | OK | |
r-oldrel-macos-arm64 | 0.1.3 | 26.00 | OK | |||
r-oldrel-macos-x86_64 | 0.1.3 | 40.00 | OK | |||
r-oldrel-windows-x86_64 | 0.1.3 | 8.00 | 69.00 | 77.00 | OK |
Version: 0.1.3
Check: dependencies in R code
Result: NOTE
Namespace in Imports field not imported from: ‘utils’
All declared Imports should be used.
Flavors: r-devel-linux-x86_64-fedora-clang, r-devel-linux-x86_64-fedora-gcc