CRAN Package Check Results for Package gglogo

Last updated on 2020-02-23 12:47:21 CET.

Flavor Version Tinstall Tcheck Ttotal Status Flags
r-devel-linux-x86_64-debian-clang 0.1.5 6.20 651.71 657.91 WARN
r-devel-linux-x86_64-debian-gcc 0.1.5 5.05 533.34 538.39 OK
r-devel-linux-x86_64-fedora-clang 0.1.5 810.40 NOTE
r-devel-linux-x86_64-fedora-gcc 0.1.5 799.79 NOTE
r-devel-windows-ix86+x86_64 0.1.5 12.00 90.00 102.00 OK --no-vignettes
r-devel-windows-ix86+x86_64-gcc8 0.1.5 23.00 111.00 134.00 OK --no-vignettes
r-patched-linux-x86_64 0.1.5 WARN
r-patched-solaris-x86 0.1.5 1137.70 NOTE
r-release-linux-x86_64 0.1.5 4.88 645.00 649.88 WARN
r-release-windows-ix86+x86_64 0.1.5 13.00 61.00 74.00 OK --no-vignettes
r-release-osx-x86_64 0.1.5 WARN
r-oldrel-windows-ix86+x86_64 0.1.4 11.00 91.00 102.00 OK --no-vignettes
r-oldrel-osx-x86_64 0.1.5 ERROR

Check Details

Version: 0.1.5
Check: re-building of vignette outputs
Result: WARN
    Error(s) in re-building vignettes:
     ...
    --- re-building 'gglogo-alphabet.Rmd' using rmarkdown
    
    Attaching package: 'gglogo'
    
    The following object is masked from 'package:ggplot2':
    
     fortify
    
    Killed
Flavors: r-devel-linux-x86_64-debian-clang, r-patched-linux-x86_64, r-release-linux-x86_64

Version: 0.1.5
Check: dependencies in R code
Result: NOTE
    Namespaces in Imports field not imported from:
     ‘knitr’ ‘reshape2’
     All declared Imports should be used.
Flavors: r-devel-linux-x86_64-fedora-clang, r-devel-linux-x86_64-fedora-gcc, r-patched-solaris-x86, r-release-osx-x86_64

Version: 0.1.5
Check: re-building of vignette outputs
Result: WARN
    Error(s) in re-building vignettes:
    --- re-building ‘gglogo-alphabet.Rmd’ using rmarkdown
    Warning in engine$weave(file, quiet = quiet, encoding = enc) :
     Pandoc (>= 1.12.3) and/or pandoc-citeproc not available. Falling back to R Markdown v1.
    
    Attaching package: 'gglogo'
    
    The following object is masked from 'package:ggplot2':
    
     fortify
    
    Warning in grid.Call.graphics(C_text, as.graphicsAnnot(x$label), x$x, x$y, :
     no font could be found for family "Garamond"
    Warning in grid.Call.graphics(C_text, as.graphicsAnnot(x$label), x$x, x$y, :
     no font could be found for family "Garamond"
    Warning in grid.Call.graphics(C_text, as.graphicsAnnot(x$label), x$x, x$y, :
     no font could be found for family "Garamond"
    Quitting from lines 45-52 (gglogo-alphabet.Rmd)
    Error: processing vignette 'gglogo-alphabet.Rmd' failed with diagnostics:
    replacement has 1 row, data has 0
    --- failed re-building ‘gglogo-alphabet.Rmd’
    
    SUMMARY: processing the following file failed:
     ‘gglogo-alphabet.Rmd’
    
    Error: Vignette re-building failed.
    Execution halted
Flavor: r-release-osx-x86_64

Version: 0.1.5
Check: whether package can be installed
Result: ERROR
    Installation failed.
Flavor: r-oldrel-osx-x86_64