CRAN Package Check Results for Package ggmap

Last updated on 2025-01-19 05:49:09 CET.

Flavor Version Tinstall Tcheck Ttotal Status Flags
r-devel-linux-x86_64-debian-clang 4.0.0 10.36 69.25 79.61 NOTE
r-devel-linux-x86_64-debian-gcc 4.0.0 8.07 50.53 58.60 NOTE
r-devel-linux-x86_64-fedora-clang 4.0.0 126.95 OK
r-devel-linux-x86_64-fedora-gcc 4.0.0 117.67 OK
r-devel-windows-x86_64 4.0.0 13.00 90.00 103.00 NOTE
r-patched-linux-x86_64 4.0.0 17.32 63.52 80.84 OK
r-release-linux-x86_64 4.0.0 10.97 62.87 73.84 OK
r-release-macos-arm64 4.0.0 44.00 OK
r-release-macos-x86_64 4.0.0 56.00 OK
r-release-windows-x86_64 4.0.0 13.00 86.00 99.00 OK
r-oldrel-macos-arm64 4.0.0 43.00 OK
r-oldrel-macos-x86_64 4.0.0 117.00 OK
r-oldrel-windows-x86_64 4.0.0 16.00 105.00 121.00 OK

Check Details

Version: 4.0.0
Check: Rd cross-references
Result: NOTE Found the following Rd file(s) with Rd \link{} targets missing package anchors: geom_leg.Rd: geom_segment inset.Rd: annotation_custom legs2route.Rd: geom_path qmplot.Rd: facet_wrap, facet_grid Please provide package anchors for all Rd \link{} targets not in the package itself and the base packages. Flavors: r-devel-linux-x86_64-debian-clang, r-devel-linux-x86_64-debian-gcc, r-devel-windows-x86_64