CRAN Package Check Results for Package ggnormalviolin

Last updated on 2019-11-15 12:48:03 CET.

Flavor Version Tinstall Tcheck Ttotal Status Flags
r-devel-linux-x86_64-debian-clang 0.1.2 3.60 25.24 28.84 OK
r-devel-linux-x86_64-debian-gcc 0.1.2 3.26 19.57 22.83 OK
r-devel-linux-x86_64-fedora-clang 0.1.2 34.98 NOTE
r-devel-linux-x86_64-fedora-gcc 0.1.2 34.36 NOTE
r-devel-windows-ix86+x86_64 0.1.2 24.00 42.00 66.00 OK
r-patched-linux-x86_64 0.1.2 3.55 23.71 27.26 OK
r-patched-solaris-x86 0.1.2 53.00 NOTE
r-release-linux-x86_64 0.1.2 2.72 23.53 26.25 OK
r-release-windows-ix86+x86_64 0.1.2 9.00 63.00 72.00 OK
r-release-osx-x86_64 0.1.2 NOTE
r-oldrel-windows-ix86+x86_64 0.1.2 7.00 62.00 69.00 OK

Check Details

Version: 0.1.2
Check: dependencies in R code
Result: NOTE
    Namespaces in Imports field not imported from:
     ‘dplyr’ ‘grid’ ‘scales’
     All declared Imports should be used.
Flavors: r-devel-linux-x86_64-fedora-clang, r-devel-linux-x86_64-fedora-gcc, r-patched-solaris-x86, r-release-osx-x86_64