CRAN Package Check Results for Package ggpie

Last updated on 2025-01-19 05:49:09 CET.

Flavor Version Tinstall Tcheck Ttotal Status Flags
r-devel-linux-x86_64-debian-clang 0.2.5 7.27 103.74 111.01 NOTE
r-devel-linux-x86_64-debian-gcc 0.2.5 5.48 69.82 75.30 NOTE
r-devel-linux-x86_64-fedora-clang 0.2.5 178.41 OK
r-devel-linux-x86_64-fedora-gcc 0.2.5 176.10 OK
r-devel-windows-x86_64 0.2.5 9.00 101.00 110.00 NOTE
r-patched-linux-x86_64 0.2.5 13.10 93.79 106.89 OK
r-release-linux-x86_64 0.2.5 7.53 93.22 100.75 OK
r-release-macos-arm64 0.2.5 48.00 OK
r-release-macos-x86_64 0.2.5 78.00 OK
r-release-windows-x86_64 0.2.5 11.00 102.00 113.00 OK
r-oldrel-macos-arm64 0.2.5 56.00 OK
r-oldrel-macos-x86_64 0.2.5 96.00 OK
r-oldrel-windows-x86_64 0.2.5 10.00 118.00 128.00 OK

Check Details

Version: 0.2.5
Check: Rd cross-references
Result: NOTE Found the following Rd file(s) with Rd \link{} targets missing package anchors: ggdonut.Rd: geom_text_repel ggnestedpie.Rd: geom_text_repel ggpie.Rd: geom_text_repel Please provide package anchors for all Rd \link{} targets not in the package itself and the base packages. Flavors: r-devel-linux-x86_64-debian-clang, r-devel-linux-x86_64-debian-gcc, r-devel-windows-x86_64