Last updated on 2025-01-19 05:49:09 CET.
Flavor | Version | Tinstall | Tcheck | Ttotal | Status | Flags |
---|---|---|---|---|---|---|
r-devel-linux-x86_64-debian-clang | 3.5.1 | 30.03 | 465.18 | 495.21 | NOTE | |
r-devel-linux-x86_64-debian-gcc | 3.5.1 | 18.12 | 293.66 | 311.78 | NOTE | |
r-devel-linux-x86_64-fedora-clang | 3.5.1 | 767.22 | OK | |||
r-devel-linux-x86_64-fedora-gcc | 3.5.1 | 730.30 | OK | |||
r-devel-windows-x86_64 | 3.5.1 | 35.00 | 467.00 | 502.00 | NOTE | |
r-patched-linux-x86_64 | 3.5.1 | 39.42 | 425.87 | 465.29 | OK | |
r-release-linux-x86_64 | 3.5.1 | 28.88 | 423.00 | 451.88 | OK | |
r-release-macos-arm64 | 3.5.1 | 200.00 | NOTE | |||
r-release-macos-x86_64 | 3.5.1 | 324.00 | NOTE | |||
r-release-windows-x86_64 | 3.5.1 | 37.00 | 443.00 | 480.00 | NOTE | |
r-oldrel-macos-arm64 | 3.5.1 | 186.00 | NOTE | |||
r-oldrel-macos-x86_64 | 3.5.1 | 503.00 | NOTE | |||
r-oldrel-windows-x86_64 | 3.5.1 | 39.00 | 600.00 | 639.00 | NOTE |
Version: 3.5.1
Check: Rd cross-references
Result: NOTE
Found the following Rd file(s) with Rd \link{} targets missing package
anchors:
ggplot2-ggproto.Rd: gtable
ggplot_gtable.Rd: gtable
Please provide package anchors for all Rd \link{} targets not in the
package itself and the base packages.
Flavors: r-devel-linux-x86_64-debian-clang, r-devel-linux-x86_64-debian-gcc, r-devel-windows-x86_64
Version: 3.5.1
Check: installed package size
Result: NOTE
installed size is 6.5Mb
sub-directories of 1Mb or more:
R 2.1Mb
doc 2.3Mb
help 1.1Mb
Flavors: r-release-macos-arm64, r-release-macos-x86_64, r-release-windows-x86_64, r-oldrel-macos-arm64, r-oldrel-macos-x86_64, r-oldrel-windows-x86_64