CRAN Package Check Results for Package ggpol

Last updated on 2025-01-19 05:49:09 CET.

Flavor Version Tinstall Tcheck Ttotal Status Flags
r-devel-linux-x86_64-debian-clang 0.0.7 7.90 47.89 55.79 OK
r-devel-linux-x86_64-debian-gcc 0.0.7 5.48 33.71 39.19 OK
r-devel-linux-x86_64-fedora-clang 0.0.7 88.03 NOTE
r-devel-linux-x86_64-fedora-gcc 0.0.7 81.55 NOTE
r-devel-windows-x86_64 0.0.7 8.00 64.00 72.00 OK
r-patched-linux-x86_64 0.0.7 6.50 43.20 49.70 NOTE
r-release-linux-x86_64 0.0.7 7.83 43.19 51.02 NOTE
r-release-macos-arm64 0.0.7 28.00 NOTE
r-release-macos-x86_64 0.0.7 40.00 NOTE
r-release-windows-x86_64 0.0.7 8.00 66.00 74.00 NOTE
r-oldrel-macos-arm64 0.0.7 28.00 NOTE
r-oldrel-macos-x86_64 0.0.7 44.00 NOTE
r-oldrel-windows-x86_64 0.0.7 11.00 72.00 83.00 NOTE

Check Details

Version: 0.0.7
Check: dependencies in R code
Result: NOTE Namespaces in Imports field not imported from: ‘dplyr’ ‘grDevices’ All declared Imports should be used. Flavors: r-devel-linux-x86_64-fedora-clang, r-devel-linux-x86_64-fedora-gcc

Version: 0.0.7
Check: LazyData
Result: NOTE 'LazyData' is specified without a 'data' directory Flavors: r-patched-linux-x86_64, r-release-linux-x86_64, r-release-macos-arm64, r-release-macos-x86_64, r-release-windows-x86_64, r-oldrel-macos-arm64, r-oldrel-macos-x86_64, r-oldrel-windows-x86_64