Last updated on 2024-04-20 20:00:06 CEST.
Flavor | Version | Tinstall | Tcheck | Ttotal | Status | Flags |
---|---|---|---|---|---|---|
r-devel-linux-x86_64-debian-clang | 0.6.0 | 15.29 | 304.99 | 320.28 | OK | |
r-devel-linux-x86_64-debian-gcc | 0.6.0 | 13.26 | 219.14 | 232.40 | OK | |
r-devel-linux-x86_64-fedora-clang | 0.6.0 | 378.75 | NOTE | |||
r-devel-linux-x86_64-fedora-gcc | 0.6.0 | 364.15 | OK | |||
r-prerel-macos-arm64 | 0.6.0 | 93.00 | OK | |||
r-prerel-windows-x86_64 | 0.6.0 | 17.00 | 238.00 | 255.00 | OK | |
r-patched-linux-x86_64 | 0.6.0 | 21.16 | 284.55 | 305.71 | OK | |
r-release-linux-x86_64 | 0.6.0 | 13.55 | 284.59 | 298.14 | OK | |
r-release-macos-arm64 | 0.6.0 | 119.00 | OK | |||
r-release-macos-x86_64 | 0.6.0 | 194.00 | OK | |||
r-release-windows-x86_64 | 0.6.0 | 22.00 | 307.00 | 329.00 | OK | |
r-oldrel-macos-arm64 | 0.6.0 | 67.00 | OK | |||
r-oldrel-windows-x86_64 | 0.6.0 | 21.00 | 288.00 | 309.00 | OK |
Version: 0.6.0
Check: Rd cross-references
Result: NOTE
Undeclared package ‘car’ in Rd xrefs
Flavor: r-devel-linux-x86_64-fedora-clang