Last updated on 2025-01-19 05:49:09 CET.
Flavor | Version | Tinstall | Tcheck | Ttotal | Status | Flags |
---|---|---|---|---|---|---|
r-devel-linux-x86_64-debian-clang | 1.2 | 16.60 | 108.46 | 125.06 | OK | |
r-devel-linux-x86_64-debian-gcc | 1.2 | 11.52 | 78.98 | 90.50 | OK | |
r-devel-linux-x86_64-fedora-clang | 1.2 | 197.94 | OK | |||
r-devel-linux-x86_64-fedora-gcc | 1.2 | 179.64 | OK | |||
r-devel-windows-x86_64 | 1.2 | 20.00 | 104.00 | 124.00 | OK | |
r-patched-linux-x86_64 | 1.2 | 15.34 | 98.66 | 114.00 | OK | |
r-release-linux-x86_64 | 1.2 | 15.68 | 98.15 | 113.83 | OK | |
r-release-macos-arm64 | 1.2 | 50.00 | NOTE | |||
r-release-macos-x86_64 | 1.2 | 74.00 | NOTE | |||
r-release-windows-x86_64 | 1.2 | 21.00 | 106.00 | 127.00 | NOTE | |
r-oldrel-macos-arm64 | 1.2 | 57.00 | NOTE | |||
r-oldrel-macos-x86_64 | 1.2 | 91.00 | NOTE | |||
r-oldrel-windows-x86_64 | 1.2 | 26.00 | 128.00 | 154.00 | NOTE |
Version: 1.2
Check: installed package size
Result: NOTE
installed size is 9.4Mb
sub-directories of 1Mb or more:
extdata 9.1Mb
Flavors: r-release-macos-arm64, r-release-macos-x86_64, r-release-windows-x86_64, r-oldrel-macos-arm64, r-oldrel-macos-x86_64, r-oldrel-windows-x86_64