CRAN Package Check Results for Package ggsci

Last updated on 2019-11-21 12:48:30 CET.

Flavor Version Tinstall Tcheck Ttotal Status Flags
r-devel-linux-x86_64-debian-clang 2.9 4.20 99.69 103.89 OK
r-devel-linux-x86_64-debian-gcc 2.9 3.67 78.16 81.83 OK
r-devel-linux-x86_64-fedora-clang 2.9 117.61 OK
r-devel-linux-x86_64-fedora-gcc 2.9 123.61 OK
r-devel-windows-ix86+x86_64 2.9 20.00 144.00 164.00 OK
r-devel-windows-ix86+x86_64-gcc8 2.9 11.00 111.00 122.00 OK
r-patched-linux-x86_64 2.9 3.94 93.95 97.89 OK
r-patched-solaris-x86 2.9 163.70 OK
r-release-linux-x86_64 2.9 4.09 94.07 98.16 OK
r-release-windows-ix86+x86_64 2.9 13.00 160.00 173.00 OK
r-release-osx-x86_64 2.9 OK
r-oldrel-windows-ix86+x86_64 2.9 7.00 110.00 117.00 WARN
r-oldrel-osx-x86_64 2.9 OK

Check Details

Version: 2.9
Check: whether package can be installed
Result: WARN
    Found the following significant warnings:
     Warning: S3 methods '[.fun_list', '[.grouped_df', 'all.equal.tbl_df', 'anti_join.data.frame', 'anti_join.tbl_df', 'arrange.data.frame', 'arrange.default', 'arrange.grouped_df', 'arrange.tbl_df', 'arrange_.data.frame', 'arrange_.tbl_df', 'as.data.frame.grouped_df', 'as.data.frame.rowwise_df', 'as.data.frame.tbl_cube', 'as.table.tbl_cube', 'as.tbl.data.frame', 'as.tbl.tbl', 'as.tbl_cube.array', 'as.tbl_cube.data.frame', 'as.tbl_cube.matrix', 'as.tbl_cube.table', 'as_tibble.grouped_df', 'as_tibble.tbl_cube', 'auto_copy.tbl_cube', 'auto_copy.tbl_df', 'cbind.grouped_df', 'collapse.data.frame', 'collect.data.frame', 'common_by.NULL', 'common_by.character', 'common_by.default', 'common_by.list', 'compute.data.frame', 'copy_to.DBIConnection', 'copy_to.src_local', 'default_missing.data.frame', 'default_missing.default', 'dim.tbl_cube', 'distinct.data.frame', 'distinct.default', 'distinct.grouped_df', 'distinct.tbl_df', 'distinct_.data.frame', 'distinct_.grouped_df', 'distinct_.tbl_df', 'do.NULL', 'do.da [... truncated]
Flavor: r-oldrel-windows-ix86+x86_64