Last updated on 2025-01-19 05:49:09 CET.
Flavor | Version | Tinstall | Tcheck | Ttotal | Status | Flags |
---|---|---|---|---|---|---|
r-devel-linux-x86_64-debian-clang | 1.6.3 | 16.98 | 69.64 | 86.62 | OK | |
r-devel-linux-x86_64-debian-gcc | 1.6.3 | 12.99 | 48.75 | 61.74 | OK | |
r-devel-linux-x86_64-fedora-clang | 1.6.3 | 133.58 | NOTE | |||
r-devel-linux-x86_64-fedora-gcc | 1.6.3 | 130.33 | NOTE | |||
r-devel-windows-x86_64 | 1.6.3 | 19.00 | 86.00 | 105.00 | OK | |
r-patched-linux-x86_64 | 1.6.3 | 16.22 | 66.06 | 82.28 | OK | |
r-release-linux-x86_64 | 1.6.3 | 17.00 | 64.79 | 81.79 | OK | |
r-release-macos-arm64 | 1.6.3 | 48.00 | OK | |||
r-release-macos-x86_64 | 1.6.3 | 71.00 | OK | |||
r-release-windows-x86_64 | 1.6.3 | 19.00 | 84.00 | 103.00 | OK | |
r-oldrel-macos-arm64 | 1.6.3 | 48.00 | OK | |||
r-oldrel-macos-x86_64 | 1.6.3 | 71.00 | OK | |||
r-oldrel-windows-x86_64 | 1.6.3 | 23.00 | 100.00 | 123.00 | OK |
Version: 1.6.3
Check: dependencies in R code
Result: NOTE
Namespaces in Imports field not imported from:
‘magrittr’ ‘utils’
All declared Imports should be used.
Flavors: r-devel-linux-x86_64-fedora-clang, r-devel-linux-x86_64-fedora-gcc