CRAN Package Check Results for Package ggsom

Last updated on 2025-01-19 05:49:09 CET.

Flavor Version Tinstall Tcheck Ttotal Status Flags
r-devel-linux-x86_64-debian-clang 0.4.0 5.37 42.23 47.60 OK
r-devel-linux-x86_64-debian-gcc 0.4.0 3.75 31.40 35.15 OK
r-devel-linux-x86_64-fedora-clang 0.4.0 77.56 OK
r-devel-linux-x86_64-fedora-gcc 0.4.0 70.50 OK
r-devel-windows-x86_64 0.4.0 8.00 59.00 67.00 OK
r-patched-linux-x86_64 0.4.0 5.25 39.29 44.54 NOTE
r-release-linux-x86_64 0.4.0 4.85 39.37 44.22 NOTE
r-release-macos-arm64 0.4.0 27.00 NOTE
r-release-macos-x86_64 0.4.0 39.00 NOTE
r-release-windows-x86_64 0.4.0 9.00 61.00 70.00 NOTE
r-oldrel-macos-arm64 0.4.0 26.00 NOTE
r-oldrel-macos-x86_64 0.4.0 38.00 NOTE
r-oldrel-windows-x86_64 0.4.0 9.00 65.00 74.00 NOTE

Check Details

Version: 0.4.0
Check: LazyData
Result: NOTE 'LazyData' is specified without a 'data' directory Flavors: r-patched-linux-x86_64, r-release-linux-x86_64, r-release-macos-arm64, r-release-macos-x86_64, r-release-windows-x86_64, r-oldrel-macos-arm64, r-oldrel-macos-x86_64, r-oldrel-windows-x86_64