Last updated on 2024-05-01 16:52:56 CEST.
Flavor | Version | Tinstall | Tcheck | Ttotal | Status | Flags |
---|---|---|---|---|---|---|
r-devel-linux-x86_64-debian-clang | 0.1.1 | 36.88 | 76.76 | 113.64 | OK | |
r-devel-linux-x86_64-debian-gcc | 0.1.1 | 34.24 | 59.03 | 93.27 | OK | |
r-devel-linux-x86_64-fedora-clang | 0.1.1 | 162.51 | OK | |||
r-devel-linux-x86_64-fedora-gcc | 0.1.1 | 172.56 | OK | |||
r-devel-windows-x86_64 | 0.1.1 | 33.00 | 92.00 | 125.00 | OK | |
r-patched-linux-x86_64 | 0.1.1 | 45.21 | 76.16 | 121.37 | OK | |
r-release-linux-x86_64 | 0.1.1 | 39.98 | 75.74 | 115.72 | OK | |
r-release-macos-arm64 | 0.1.1 | 48.00 | NOTE | |||
r-release-windows-x86_64 | 0.1.1 | 34.00 | 94.00 | 128.00 | OK | |
r-oldrel-macos-arm64 | 0.1.1 | 54.00 | NOTE | |||
r-oldrel-macos-x86_64 | 0.1.1 | 123.00 | NOTE | |||
r-oldrel-windows-x86_64 | 0.1.1 | 41.00 | 109.00 | 150.00 | OK |
Version: 0.1.1
Check: installed package size
Result: NOTE
installed size is 6.2Mb
sub-directories of 1Mb or more:
doc 1.1Mb
libs 4.9Mb
Flavors: r-release-macos-arm64, r-oldrel-macos-arm64, r-oldrel-macos-x86_64