Last updated on 2025-01-19 05:49:09 CET.
Flavor | Version | Tinstall | Tcheck | Ttotal | Status | Flags |
---|---|---|---|---|---|---|
r-devel-linux-x86_64-debian-clang | 0.8.0 | 3.33 | 50.27 | 53.60 | OK | |
r-devel-linux-x86_64-debian-gcc | 0.8.0 | 2.35 | 39.27 | 41.62 | OK | |
r-devel-linux-x86_64-fedora-clang | 0.8.0 | 85.46 | OK | |||
r-devel-linux-x86_64-fedora-gcc | 0.8.0 | 98.51 | OK | |||
r-devel-windows-x86_64 | 0.8.0 | 4.00 | 169.00 | 173.00 | OK | |
r-patched-linux-x86_64 | 0.8.0 | 2.72 | 49.49 | 52.21 | NOTE | |
r-release-linux-x86_64 | 0.8.0 | 2.66 | 49.32 | 51.98 | NOTE | |
r-release-macos-arm64 | 0.8.0 | 50.00 | NOTE | |||
r-release-macos-x86_64 | 0.8.0 | 65.00 | NOTE | |||
r-release-windows-x86_64 | 0.8.0 | 5.00 | 167.00 | 172.00 | NOTE | |
r-oldrel-macos-arm64 | 0.8.0 | 45.00 | NOTE | |||
r-oldrel-macos-x86_64 | 0.8.0 | 60.00 | NOTE | |||
r-oldrel-windows-x86_64 | 0.8.0 | 5.00 | 184.00 | 189.00 | NOTE |
Version: 0.8.0
Check: LazyData
Result: NOTE
'LazyData' is specified without a 'data' directory
Flavors: r-patched-linux-x86_64, r-release-linux-x86_64, r-release-macos-arm64, r-release-macos-x86_64, r-release-windows-x86_64, r-oldrel-macos-arm64, r-oldrel-macos-x86_64, r-oldrel-windows-x86_64