CRAN Package Check Results for Package gigg

Last updated on 2025-01-19 05:49:09 CET.

Flavor Version Tinstall Tcheck Ttotal Status Flags
r-devel-linux-x86_64-debian-clang 0.2.1 29.04 23.73 52.77 NOTE
r-devel-linux-x86_64-debian-gcc 0.2.1 21.64 20.30 41.94 NOTE
r-devel-linux-x86_64-fedora-clang 0.2.1 96.94 NOTE
r-devel-linux-x86_64-fedora-gcc 0.2.1 102.39 NOTE
r-devel-windows-x86_64 0.2.1 31.00 67.00 98.00 NOTE
r-patched-linux-x86_64 0.2.1 32.26 22.68 54.94 NOTE
r-release-linux-x86_64 0.2.1 31.51 22.70 54.21 NOTE
r-release-macos-arm64 0.2.1 30.00 NOTE
r-release-macos-x86_64 0.2.1 43.00 NOTE
r-release-windows-x86_64 0.2.1 33.00 65.00 98.00 NOTE
r-oldrel-macos-arm64 0.2.1 35.00 OK
r-oldrel-macos-x86_64 0.2.1 53.00 OK
r-oldrel-windows-x86_64 0.2.1 38.00 72.00 110.00 OK

Check Details

Version: 0.2.1
Check: Rd files
Result: NOTE checkRd: (-1) gigg.Rd:70-77: Lost braces in \itemize; \value handles \item{}{} directly checkRd: (-1) gigg.Rd:78: Lost braces in \itemize; \value handles \item{}{} directly checkRd: (-1) gigg.Rd:79: Lost braces in \itemize; \value handles \item{}{} directly checkRd: (-1) gigg.Rd:80: Lost braces in \itemize; \value handles \item{}{} directly checkRd: (-1) gigg.Rd:81: Lost braces in \itemize; \value handles \item{}{} directly checkRd: (-1) gigg.Rd:82: Lost braces in \itemize; \value handles \item{}{} directly checkRd: (-1) gigg.Rd:83: Lost braces in \itemize; \value handles \item{}{} directly checkRd: (-1) gigg.Rd:84: Lost braces in \itemize; \value handles \item{}{} directly checkRd: (-1) gigg.Rd:85: Lost braces in \itemize; \value handles \item{}{} directly checkRd: (-1) gigg.Rd:86: Lost braces in \itemize; \value handles \item{}{} directly Flavors: r-devel-linux-x86_64-debian-clang, r-devel-linux-x86_64-debian-gcc, r-devel-linux-x86_64-fedora-clang, r-devel-linux-x86_64-fedora-gcc, r-devel-windows-x86_64, r-patched-linux-x86_64, r-release-linux-x86_64, r-release-macos-arm64, r-release-macos-x86_64, r-release-windows-x86_64