CRAN Package Check Results for Package gistr

Last updated on 2020-07-13 12:48:52 CEST.

Flavor Version Tinstall Tcheck Ttotal Status Flags
r-devel-linux-x86_64-debian-clang 0.5.0 5.45 44.35 49.80 OK
r-devel-linux-x86_64-debian-gcc 0.5.0 4.05 33.70 37.75 OK
r-devel-linux-x86_64-fedora-clang 0.5.0 66.33 OK
r-devel-linux-x86_64-fedora-gcc 0.5.0 60.58 OK
r-devel-windows-ix86+x86_64 0.5.0 11.00 75.00 86.00 OK
r-patched-linux-x86_64 0.5.0 4.80 42.40 47.20 OK
r-patched-solaris-x86 0.5.0 83.20 OK
r-release-linux-x86_64 0.5.0 4.95 42.61 47.56 OK
r-release-macos-x86_64 0.5.0 ERROR
r-release-windows-ix86+x86_64 0.5.0 17.00 56.00 73.00 OK
r-oldrel-macos-x86_64 0.5.0 OK
r-oldrel-windows-ix86+x86_64 0.5.0 12.00 57.00 69.00 OK

Check Details

Version: 0.5.0
Check: whether package can be installed
Result: ERROR
    Installation failed.
Flavor: r-release-macos-x86_64