Last updated on 2025-02-08 20:48:24 CET.
Flavor | Version | Tinstall | Tcheck | Ttotal | Status | Flags |
---|---|---|---|---|---|---|
r-devel-linux-x86_64-debian-clang | 0.35.0 | 13.95 | 61.97 | 75.92 | OK | |
r-devel-linux-x86_64-debian-gcc | 0.35.0 | 12.11 | 42.66 | 54.77 | OK | |
r-devel-linux-x86_64-fedora-clang | 0.35.0 | 121.78 | OK | |||
r-devel-linux-x86_64-fedora-gcc | 0.35.0 | 117.39 | OK | |||
r-devel-windows-x86_64 | 0.35.0 | 30.00 | 124.00 | 154.00 | OK | |
r-patched-linux-x86_64 | 0.35.0 | 14.54 | 58.29 | 72.83 | OK | |
r-release-linux-x86_64 | 0.35.0 | 13.52 | 58.33 | 71.85 | OK | |
r-release-macos-arm64 | 0.35.0 | 60.00 | NOTE | |||
r-release-macos-x86_64 | 0.35.0 | 117.00 | NOTE | |||
r-release-windows-x86_64 | 0.35.0 | 32.00 | 124.00 | 156.00 | OK | |
r-oldrel-macos-arm64 | 0.35.0 | 62.00 | NOTE | |||
r-oldrel-macos-x86_64 | 0.35.0 | 103.00 | NOTE | |||
r-oldrel-windows-x86_64 | 0.35.0 | 30.00 | 138.00 | 168.00 | OK |
Version: 0.35.0
Check: installed package size
Result: NOTE
installed size is 7.2Mb
sub-directories of 1Mb or more:
libs 6.7Mb
Flavors: r-release-macos-arm64, r-release-macos-x86_64, r-oldrel-macos-arm64, r-oldrel-macos-x86_64