Last updated on 2025-02-08 20:48:24 CET.
Flavor | Version | Tinstall | Tcheck | Ttotal | Status | Flags |
---|---|---|---|---|---|---|
r-devel-linux-x86_64-debian-clang | 1.0.0 | 5.36 | 47.02 | 52.38 | OK | |
r-devel-linux-x86_64-debian-gcc | 1.0.0 | 3.59 | 34.96 | 38.55 | OK | |
r-devel-linux-x86_64-fedora-clang | 1.0.0 | 84.70 | NOTE | |||
r-devel-linux-x86_64-fedora-gcc | 1.0.0 | 93.45 | NOTE | |||
r-devel-windows-x86_64 | 1.0.0 | 8.00 | 71.00 | 79.00 | OK | |
r-patched-linux-x86_64 | 1.0.0 | 4.96 | 43.51 | 48.47 | NOTE | |
r-release-linux-x86_64 | 1.0.0 | 5.03 | 43.62 | 48.65 | NOTE | |
r-release-macos-arm64 | 1.0.0 | 32.00 | NOTE | |||
r-release-macos-x86_64 | 1.0.0 | 49.00 | NOTE | |||
r-release-windows-x86_64 | 1.0.0 | 8.00 | 68.00 | 76.00 | NOTE | |
r-oldrel-macos-arm64 | 1.0.0 | 36.00 | NOTE | |||
r-oldrel-macos-x86_64 | 1.0.0 | 58.00 | NOTE | |||
r-oldrel-windows-x86_64 | 1.0.0 | 8.00 | 76.00 | 84.00 | NOTE |
Version: 1.0.0
Check: dependencies in R code
Result: NOTE
Namespaces in Imports field not imported from:
‘Rcpp’ ‘mockery’
All declared Imports should be used.
Flavors: r-devel-linux-x86_64-fedora-clang, r-devel-linux-x86_64-fedora-gcc
Version: 1.0.0
Check: LazyData
Result: NOTE
'LazyData' is specified without a 'data' directory
Flavors: r-patched-linux-x86_64, r-release-linux-x86_64, r-release-macos-arm64, r-release-macos-x86_64, r-release-windows-x86_64, r-oldrel-macos-arm64, r-oldrel-macos-x86_64, r-oldrel-windows-x86_64