CRAN Package Check Results for Package gitlink

Last updated on 2025-01-19 05:49:09 CET.

Flavor Version Tinstall Tcheck Ttotal Status Flags
r-devel-linux-x86_64-debian-clang 0.1.3 2.22 25.17 27.39 OK
r-devel-linux-x86_64-debian-gcc 0.1.3 1.76 20.26 22.02 OK
r-devel-linux-x86_64-fedora-clang 0.1.3 44.22 OK
r-devel-linux-x86_64-fedora-gcc 0.1.3 42.57 OK
r-devel-windows-x86_64 0.1.3 3.00 49.00 52.00 OK
r-patched-linux-x86_64 0.1.3 1.72 24.00 25.72 NOTE
r-release-linux-x86_64 0.1.3 2.10 23.81 25.91 NOTE
r-release-macos-arm64 0.1.3 19.00 NOTE
r-release-macos-x86_64 0.1.3 27.00 NOTE
r-release-windows-x86_64 0.1.3 4.00 48.00 52.00 NOTE
r-oldrel-macos-arm64 0.1.3 19.00 NOTE
r-oldrel-macos-x86_64 0.1.3 25.00 NOTE
r-oldrel-windows-x86_64 0.1.3 5.00 48.00 53.00 NOTE

Check Details

Version: 0.1.3
Check: LazyData
Result: NOTE 'LazyData' is specified without a 'data' directory Flavors: r-patched-linux-x86_64, r-release-linux-x86_64, r-release-macos-arm64, r-release-macos-x86_64, r-release-windows-x86_64, r-oldrel-macos-arm64, r-oldrel-macos-x86_64, r-oldrel-windows-x86_64