CRAN Package Check Results for Package gld

Last updated on 2025-01-19 05:49:09 CET.

Flavor Version Tinstall Tcheck Ttotal Status Flags
r-devel-linux-x86_64-debian-clang 2.6.6 6.93 38.96 45.89 NOTE
r-devel-linux-x86_64-debian-gcc 2.6.7 5.00 27.29 32.29 OK
r-devel-linux-x86_64-fedora-clang 2.6.7 78.98 OK
r-devel-linux-x86_64-fedora-gcc 2.6.7 73.07 OK
r-devel-windows-x86_64 2.6.7 10.00 95.00 105.00 OK
r-patched-linux-x86_64 2.6.6 6.21 36.76 42.97 NOTE
r-release-linux-x86_64 2.6.6 6.50 36.18 42.68 NOTE
r-release-macos-arm64 2.6.6 30.00 NOTE
r-release-macos-x86_64 2.6.6 35.00 NOTE
r-release-windows-x86_64 2.6.6 10.00 72.00 82.00 NOTE
r-oldrel-macos-arm64 2.6.6 28.00 OK
r-oldrel-macos-x86_64 2.6.6 37.00 OK
r-oldrel-windows-x86_64 2.6.7 15.00 155.00 170.00 OK

Check Details

Version: 2.6.6
Check: Rd files
Result: NOTE checkRd: (-1) GeneralisedLambdaDistribution.Rd:60: Lost braces; missing escapes or markup? 60 | \code{gpd} uses GPD parameterisation, see {van Staden and Loots (2009)} | ^ checkRd: (-1) gld.lmoments.Rd:15: Lost braces in \itemize; meant \describe ? checkRd: (-1) gld.lmoments.Rd:16: Lost braces in \itemize; meant \describe ? checkRd: (-1) gld.lmoments.Rd:17: Lost braces in \itemize; meant \describe ? checkRd: (-1) gld.lmoments.Rd:18: Lost braces in \itemize; meant \describe ? checkRd: (-1) gld.moments.Rd:14: Lost braces 14 | {\eqn{\lambda_1}{lambda 1} location parameter} | ^ checkRd: (-1) gld.moments.Rd:15: Lost braces 15 | {\eqn{\lambda_2}{lambda 2} - scale parameter} | ^ checkRd: (-1) gld.moments.Rd:16: Lost braces 16 | {\eqn{\lambda_3}{lambda 3} - first shape parameter} | ^ checkRd: (-1) gld.moments.Rd:17: Lost braces 17 | {\eqn{\lambda_4}{lambda 4} - second shape parameter} | ^ Flavors: r-devel-linux-x86_64-debian-clang, r-patched-linux-x86_64, r-release-linux-x86_64, r-release-macos-arm64, r-release-macos-x86_64, r-release-windows-x86_64