CRAN Package Check Results for Package glm.deploy

Last updated on 2025-01-19 05:49:09 CET.

Flavor Version Tinstall Tcheck Ttotal Status Flags
r-devel-linux-x86_64-debian-clang 1.0.4 12.36 24.84 37.20 OK
r-devel-linux-x86_64-debian-gcc 1.0.4 10.04 19.76 29.80 OK
r-devel-linux-x86_64-fedora-clang 1.0.4 62.52 OK
r-devel-linux-x86_64-fedora-gcc 1.0.4 67.27 OK
r-devel-windows-x86_64 1.0.4 16.00 65.00 81.00 OK
r-patched-linux-x86_64 1.0.4 14.42 23.32 37.74 NOTE
r-release-linux-x86_64 1.0.4 15.10 23.05 38.15 NOTE
r-release-macos-arm64 1.0.4 23.00 NOTE
r-release-macos-x86_64 1.0.4 31.00 NOTE
r-release-windows-x86_64 1.0.4 17.00 66.00 83.00 NOTE
r-oldrel-macos-arm64 1.0.4 25.00 NOTE
r-oldrel-macos-x86_64 1.0.4 38.00 NOTE
r-oldrel-windows-x86_64 1.0.4 18.00 72.00 90.00 NOTE

Check Details

Version: 1.0.4
Check: LazyData
Result: NOTE 'LazyData' is specified without a 'data' directory Flavors: r-patched-linux-x86_64, r-release-linux-x86_64, r-release-macos-arm64, r-release-macos-x86_64, r-release-windows-x86_64, r-oldrel-macos-arm64, r-oldrel-macos-x86_64, r-oldrel-windows-x86_64