Last updated on 2025-01-19 05:49:09 CET.
Flavor | Version | Tinstall | Tcheck | Ttotal | Status | Flags |
---|---|---|---|---|---|---|
r-devel-linux-x86_64-debian-clang | 0.1.8 | 243.68 | 148.15 | 391.83 | OK | |
r-devel-linux-x86_64-debian-gcc | 0.1.8 | 183.65 | 116.68 | 300.33 | OK | |
r-devel-linux-x86_64-fedora-clang | 0.1.8 | 575.12 | OK | |||
r-devel-linux-x86_64-fedora-gcc | 0.1.8 | 732.42 | OK | |||
r-devel-windows-x86_64 | 0.1.8 | 198.00 | 183.00 | 381.00 | OK | |
r-patched-linux-x86_64 | 0.1.8 | 281.83 | 156.72 | 438.55 | NOTE | |
r-release-linux-x86_64 | 0.1.8 | 258.29 | 155.16 | 413.45 | NOTE | |
r-release-macos-arm64 | 0.1.8 | 148.00 | NOTE | |||
r-release-macos-x86_64 | 0.1.8 | 241.00 | NOTE | |||
r-release-windows-x86_64 | 0.1.8 | 203.00 | 185.00 | 388.00 | NOTE | |
r-oldrel-macos-arm64 | 0.1.8 | 145.00 | NOTE | |||
r-oldrel-macos-x86_64 | 0.1.8 | 337.00 | NOTE | |||
r-oldrel-windows-x86_64 | 0.1.8 | 255.00 | 223.00 | 478.00 | NOTE |
Version: 0.1.8
Check: for GNU extensions in Makefiles
Result: NOTE
GNU make is a SystemRequirements.
Flavors: r-patched-linux-x86_64, r-release-linux-x86_64, r-release-macos-arm64, r-release-macos-x86_64, r-release-windows-x86_64, r-oldrel-macos-arm64, r-oldrel-macos-x86_64, r-oldrel-windows-x86_64
Version: 0.1.8
Check: installed package size
Result: NOTE
installed size is 93.0Mb
sub-directories of 1Mb or more:
libs 92.3Mb
Flavors: r-release-macos-arm64, r-release-macos-x86_64, r-oldrel-macos-arm64, r-oldrel-macos-x86_64