Last updated on 2025-01-19 05:49:09 CET.
Flavor | Version | Tinstall | Tcheck | Ttotal | Status | Flags |
---|---|---|---|---|---|---|
r-devel-linux-x86_64-debian-clang | 0.11.2 | 446.15 | 144.17 | 590.32 | OK | |
r-devel-linux-x86_64-debian-gcc | 0.11.2 | 367.51 | 123.19 | 490.70 | OK | |
r-devel-linux-x86_64-fedora-clang | 0.11.2 | 854.49 | OK | |||
r-devel-linux-x86_64-fedora-gcc | 0.11.2 | 1172.55 | OK | |||
r-devel-windows-x86_64 | 0.11.2 | 339.00 | 193.00 | 532.00 | OK | |
r-patched-linux-x86_64 | 0.11.2 | 478.95 | 164.00 | 642.95 | NOTE | |
r-release-linux-x86_64 | 0.11.2 | 474.82 | 161.20 | 636.02 | NOTE | |
r-release-macos-arm64 | 0.11.2 | 197.00 | NOTE | |||
r-release-macos-x86_64 | 0.11.2 | 322.00 | NOTE | |||
r-release-windows-x86_64 | 0.11.2 | 340.00 | 198.00 | 538.00 | NOTE | |
r-oldrel-macos-arm64 | 0.11.2 | 223.00 | NOTE | |||
r-oldrel-macos-x86_64 | 0.11.2 | 341.00 | NOTE | |||
r-oldrel-windows-x86_64 | 0.11.2 | 471.00 | 245.00 | 716.00 | NOTE |
Version: 0.11.2
Check: for GNU extensions in Makefiles
Result: NOTE
GNU make is a SystemRequirements.
Flavors: r-patched-linux-x86_64, r-release-linux-x86_64, r-release-macos-arm64, r-release-macos-x86_64, r-release-windows-x86_64, r-oldrel-macos-arm64, r-oldrel-macos-x86_64, r-oldrel-windows-x86_64
Version: 0.11.2
Check: installed package size
Result: NOTE
installed size is 160.1Mb
sub-directories of 1Mb or more:
libs 158.7Mb
Flavors: r-release-macos-arm64, r-release-macos-x86_64, r-release-windows-x86_64, r-oldrel-macos-arm64, r-oldrel-macos-x86_64, r-oldrel-windows-x86_64