Last updated on 2025-01-19 05:49:09 CET.
Flavor | Version | Tinstall | Tcheck | Ttotal | Status | Flags |
---|---|---|---|---|---|---|
r-devel-linux-x86_64-debian-clang | 1.0.6 | 12.51 | 168.30 | 180.81 | NOTE | |
r-devel-linux-x86_64-debian-gcc | 1.0.6 | 8.30 | 105.80 | 114.10 | NOTE | |
r-devel-linux-x86_64-fedora-clang | 1.0.6 | 277.28 | OK | |||
r-devel-linux-x86_64-fedora-gcc | 1.0.6 | 287.62 | OK | |||
r-devel-windows-x86_64 | 1.0.6 | 10.00 | 215.00 | 225.00 | NOTE | |
r-patched-linux-x86_64 | 1.0.6 | 23.81 | 155.27 | 179.08 | OK | |
r-release-linux-x86_64 | 1.0.6 | 9.89 | 154.16 | 164.05 | OK | |
r-release-macos-arm64 | 1.0.6 | 86.00 | OK | |||
r-release-macos-x86_64 | 1.0.6 | 158.00 | OK | |||
r-release-windows-x86_64 | 1.0.6 | 11.00 | 222.00 | 233.00 | OK | |
r-oldrel-macos-arm64 | 1.0.6 | 97.00 | OK | |||
r-oldrel-macos-x86_64 | 1.0.6 | 160.00 | OK | |||
r-oldrel-windows-x86_64 | 1.0.6 | 12.00 | 254.00 | 266.00 | OK |
Version: 1.0.6
Check: Rd cross-references
Result: NOTE
Found the following Rd file(s) with Rd \link{} targets missing package
anchors:
glmnetcr.Rd: glmnet
Please provide package anchors for all Rd \link{} targets not in the
package itself and the base packages.
Flavors: r-devel-linux-x86_64-debian-clang, r-devel-linux-x86_64-debian-gcc, r-devel-windows-x86_64