CRAN Package Check Results for Package glmnetr

Last updated on 2025-01-19 05:49:09 CET.

Flavor Version Tinstall Tcheck Ttotal Status Flags
r-devel-linux-x86_64-debian-clang 0.5-4 36.80 192.82 229.62 OK
r-devel-linux-x86_64-debian-gcc 0.5-5 26.20 140.00 166.20 OK
r-devel-linux-x86_64-fedora-clang 0.5-5 223.62 NOTE
r-devel-linux-x86_64-fedora-gcc 0.5-5 213.68 NOTE
r-devel-windows-x86_64 0.5-5 35.00 268.00 303.00 OK
r-patched-linux-x86_64 0.5-5 38.99 203.73 242.72 OK
r-release-linux-x86_64 0.5-4 33.69 174.60 208.29 OK
r-release-macos-arm64 0.5-4 94.00 OK
r-release-macos-x86_64 0.5-4 184.00 OK
r-release-windows-x86_64 0.5-4 36.00 174.00 210.00 OK
r-oldrel-macos-arm64 0.5-4 92.00 OK
r-oldrel-macos-x86_64 0.5-4 195.00 OK
r-oldrel-windows-x86_64 0.5-5 33.00 282.00 315.00 OK

Check Details

Version: 0.5-5
Check: dependencies in R code
Result: NOTE Namespaces in Imports field not imported from: ‘DiceKriging’ ‘rgenoud’ All declared Imports should be used. Flavors: r-devel-linux-x86_64-fedora-clang, r-devel-linux-x86_64-fedora-gcc