Last updated on 2025-01-19 05:49:09 CET.
Flavor | Version | Tinstall | Tcheck | Ttotal | Status | Flags |
---|---|---|---|---|---|---|
r-devel-linux-x86_64-debian-clang | 0.13.0 | 26.74 | 58.17 | 84.91 | OK | |
r-devel-linux-x86_64-debian-gcc | 0.13.0 | 21.40 | 42.06 | 63.46 | OK | |
r-devel-linux-x86_64-fedora-clang | 0.13.0 | 145.84 | OK | |||
r-devel-linux-x86_64-fedora-gcc | 0.13.0 | 162.14 | OK | |||
r-devel-windows-x86_64 | 0.13.0 | 32.00 | 101.00 | 133.00 | OK | |
r-patched-linux-x86_64 | 0.13.0 | 30.28 | 54.41 | 84.69 | OK | |
r-release-linux-x86_64 | 0.13.0 | 28.30 | 54.19 | 82.49 | OK | |
r-release-macos-arm64 | 0.13.0 | 54.00 | NOTE | |||
r-release-macos-x86_64 | 0.13.0 | 106.00 | NOTE | |||
r-release-windows-x86_64 | 0.13.0 | 31.00 | 105.00 | 136.00 | OK | |
r-oldrel-macos-arm64 | 0.13.0 | 55.00 | NOTE | |||
r-oldrel-macos-x86_64 | 0.13.0 | 111.00 | NOTE | |||
r-oldrel-windows-x86_64 | 0.13.0 | 35.00 | 118.00 | 153.00 | OK |
Version: 0.13.0
Check: installed package size
Result: NOTE
installed size is 11.3Mb
sub-directories of 1Mb or more:
doc 1.3Mb
libs 9.7Mb
Flavors: r-release-macos-arm64, r-release-macos-x86_64, r-oldrel-macos-arm64, r-oldrel-macos-x86_64