CRAN Package Check Results for Package gmp

Last updated on 2019-11-13 12:46:58 CET.

Flavor Version Tinstall Tcheck Ttotal Status Flags
r-devel-linux-x86_64-debian-clang 0.5-13.5 25.26 33.80 59.06 OK
r-devel-linux-x86_64-debian-gcc 0.5-13.5 24.02 27.55 51.57 OK
r-devel-linux-x86_64-fedora-clang 0.5-13.5 82.84 NOTE
r-devel-linux-x86_64-fedora-gcc 0.5-13.5 87.70 NOTE
r-devel-windows-ix86+x86_64 0.5-13.5 115.00 71.00 186.00 OK
r-patched-linux-x86_64 0.5-13.5 25.46 33.15 58.61 OK
r-patched-solaris-x86 0.5-13.5 123.50 OK
r-release-linux-x86_64 0.5-13.5 25.96 33.26 59.22 OK
r-release-windows-ix86+x86_64 0.5-13.5 109.00 81.00 190.00 OK
r-release-osx-x86_64 0.5-13.5 OK
r-oldrel-windows-ix86+x86_64 0.5-13.5 68.00 92.00 160.00 OK
r-oldrel-osx-x86_64 0.5-13.5 OK

Additional issues

rchk

Check Details

Version: 0.5-13.5
Check: top-level files
Result: NOTE
     possible bashism in configure line 399 (trap with signal numbers):
     trap 'rm -fr conftest* confdefs* core core.* *.core $ac_clean_files; exit 1' 1 2 15
     possible bashism in configure line 511 (unsafe echo with backslash):
     if (echo "testing\c"; echo 1,2,3) | grep c >/dev/null; then
     possible bashism in configure line 513 (echo -n):
     if (echo -n testing; echo 1,2,3) | sed s/-n/xn/ | grep xn >/dev/null; then
     possible bashism in configure line 526 (test -a/-o):
     if test /usr/local != "$exec_prefix" -a /usr/local != "$prefix" ; then
     possible bashism in configure line 595 (trap with signal numbers):
     trap '' 1 2 15
     possible bashism in configure line 643 (trap with signal numbers):
     trap 'rm -fr conftest* confdefs* core core.* *.core $ac_clean_files; exit 1' 1 2 15
     possible bashism in configure line 656 (trap with signal numbers):
     trap 'rm -f $CONFIG_STATUS conftest*; exit 1' 1 2 15
     possible bashism in cleanup line 10 (brace expansion):
     rm -f src/*.{o,so,d}
Flavors: r-devel-linux-x86_64-fedora-clang, r-devel-linux-x86_64-fedora-gcc