Last updated on 2025-01-19 05:49:09 CET.
Flavor | Version | Tinstall | Tcheck | Ttotal | Status | Flags |
---|---|---|---|---|---|---|
r-devel-linux-x86_64-debian-clang | 0.4.5 | 63.77 | 105.91 | 169.68 | OK | |
r-devel-linux-x86_64-debian-gcc | 0.4.5 | 45.78 | 75.59 | 121.37 | OK | |
r-devel-linux-x86_64-fedora-clang | 0.4.5 | 288.15 | OK | |||
r-devel-linux-x86_64-fedora-gcc | 0.4.5 | 313.01 | OK | |||
r-devel-windows-x86_64 | 0.4.5 | 69.00 | 145.00 | 214.00 | OK | |
r-patched-linux-x86_64 | 0.4.5 | 67.92 | 98.21 | 166.13 | OK | |
r-release-linux-x86_64 | 0.4.5 | 67.85 | 100.84 | 168.69 | OK | |
r-release-macos-arm64 | 0.4.5 | 74.00 | NOTE | |||
r-release-macos-x86_64 | 0.4.5 | 131.00 | NOTE | |||
r-release-windows-x86_64 | 0.4.5 | 65.00 | 145.00 | 210.00 | OK | |
r-oldrel-macos-arm64 | 0.4.5 | 79.00 | NOTE | |||
r-oldrel-macos-x86_64 | 0.4.5 | 132.00 | NOTE | |||
r-oldrel-windows-x86_64 | 0.4.5 | 79.00 | 176.00 | 255.00 | OK |
Version: 0.4.5
Check: installed package size
Result: NOTE
installed size is 7.4Mb
sub-directories of 1Mb or more:
libs 6.9Mb
Flavors: r-release-macos-arm64, r-release-macos-x86_64, r-oldrel-macos-arm64, r-oldrel-macos-x86_64