CRAN Package Check Results for Package gnomonicM

Last updated on 2025-01-19 05:49:09 CET.

Flavor Version Tinstall Tcheck Ttotal Status Flags
r-devel-linux-x86_64-debian-clang 1.0.1 4.65 60.54 65.19 OK
r-devel-linux-x86_64-debian-gcc 1.0.1 3.80 45.14 48.94 OK
r-devel-linux-x86_64-fedora-clang 1.0.1 106.79 OK
r-devel-linux-x86_64-fedora-gcc 1.0.1 116.74 OK
r-devel-windows-x86_64 1.0.1 8.00 72.00 80.00 OK
r-patched-linux-x86_64 1.0.1 3.97 57.61 61.58 NOTE
r-release-linux-x86_64 1.0.1 4.26 57.22 61.48 NOTE
r-release-macos-arm64 1.0.1 35.00 NOTE
r-release-macos-x86_64 1.0.1 58.00 NOTE
r-release-windows-x86_64 1.0.1 9.00 76.00 85.00 NOTE
r-oldrel-macos-arm64 1.0.1 37.00 NOTE
r-oldrel-macos-x86_64 1.0.1 50.00 NOTE
r-oldrel-windows-x86_64 1.0.1 8.00 77.00 85.00 NOTE

Check Details

Version: 1.0.1
Check: LazyData
Result: NOTE 'LazyData' is specified without a 'data' directory Flavors: r-patched-linux-x86_64, r-release-linux-x86_64, r-release-macos-arm64, r-release-macos-x86_64, r-release-windows-x86_64, r-oldrel-macos-arm64, r-oldrel-macos-x86_64, r-oldrel-windows-x86_64