Last updated on 2025-01-19 05:49:09 CET.
Flavor | Version | Tinstall | Tcheck | Ttotal | Status | Flags |
---|---|---|---|---|---|---|
r-devel-linux-x86_64-debian-clang | 0.4-1 | 39.08 | 180.92 | 220.00 | NOTE | |
r-devel-linux-x86_64-debian-gcc | 0.4-1 | 24.61 | 134.16 | 158.77 | NOTE | |
r-devel-linux-x86_64-fedora-clang | 0.4-1 | 372.74 | OK | |||
r-devel-linux-x86_64-fedora-gcc | 0.4-1 | 362.05 | OK | |||
r-devel-windows-x86_64 | 0.4-1 | 36.00 | 178.00 | 214.00 | NOTE | |
r-patched-linux-x86_64 | 0.4-1 | 42.51 | 181.68 | 224.19 | OK | |
r-release-linux-x86_64 | 0.4-1 | 40.37 | 181.60 | 221.97 | OK | |
r-release-macos-arm64 | 0.4-1 | 77.00 | OK | |||
r-release-macos-x86_64 | 0.4-1 | 129.00 | OK | |||
r-release-windows-x86_64 | 0.4-1 | 35.00 | 181.00 | 216.00 | OK | |
r-oldrel-macos-arm64 | 0.4-1 | 86.00 | OK | |||
r-oldrel-macos-x86_64 | 0.4-1 | 152.00 | OK | |||
r-oldrel-windows-x86_64 | 0.4-1 | 40.00 | 219.00 | 259.00 | OK |
Version: 0.4-1
Check: Rd cross-references
Result: NOTE
Found the following Rd file(s) with Rd \link{} targets missing package
anchors:
gofArchmChisq.Rd: gofTstat
gofArchmGamma.Rd: gofTstat
gofArchmSnB.Rd: gofTstat
gofArchmSnC.Rd: gofTstat
gofCvM.Rd: gofTstat
gofKS.Rd: gofTstat
gofRosenblattChisq.Rd: gofTstat
gofRosenblattGamma.Rd: gofTstat
gofRosenblattSnB.Rd: gofTstat
gofRosenblattSnC.Rd: gofTstat
plot.gofCOP.Rd: pirateplot
Please provide package anchors for all Rd \link{} targets not in the
package itself and the base packages.
Flavors: r-devel-linux-x86_64-debian-clang, r-devel-linux-x86_64-debian-gcc, r-devel-windows-x86_64