CRAN Package Check Results for Package gofCopula

Last updated on 2020-02-28 12:47:25 CET.

Flavor Version Tinstall Tcheck Ttotal Status Flags
r-devel-linux-x86_64-debian-clang 0.3-1 31.17 185.78 216.95 OK
r-devel-linux-x86_64-debian-gcc 0.3-1 22.53 156.83 179.36 OK
r-devel-linux-x86_64-fedora-clang 0.3-1 250.24 OK
r-devel-linux-x86_64-fedora-gcc 0.3-1 274.35 OK
r-devel-windows-ix86+x86_64 0.3-1 46.00 205.00 251.00 OK
r-devel-windows-ix86+x86_64-gcc8 0.3-1 45.00 214.00 259.00 OK
r-patched-linux-x86_64 0.3-1 22.31 177.44 199.75 OK
r-patched-solaris-x86 0.3-1 424.00 OK
r-release-linux-x86_64 0.3-1 23.68 176.53 200.21 OK
r-release-windows-ix86+x86_64 0.3-1 43.00 256.00 299.00 OK
r-release-osx-x86_64 0.3-1 OK
r-oldrel-windows-ix86+x86_64 0.3-1 30.00 190.00 220.00 WARN
r-oldrel-osx-x86_64 0.3-1 WARN

Check Details

Version: 0.3-1
Check: whether package can be installed
Result: WARN
    Found the following significant warnings:
     Note: possible error in 'RNGkind(sample.kind = "default")': unused argument (sample.kind = "default")
    See 'd:/Rcompile/CRANpkg/local/3.5/gofCopula.Rcheck/00install.out' for details.
    Information on the location(s) of code generating the 'Note's can be
    obtained by re-running with environment variable R_KEEP_PKG_SOURCE set
    to 'yes'.
Flavor: r-oldrel-windows-ix86+x86_64

Version: 0.3-1
Check: R code for possible problems
Result: NOTE
    gof: possible error in RNGkind(sample.kind = "default"): unused
     argument (sample.kind = "default")
    gofCheckTime: possible error in RNGkind(sample.kind = "default"):
     unused argument (sample.kind = "default")
    gofCustomTest: possible error in RNGkind(sample.kind = "default"):
     unused argument (sample.kind = "default")
    gofHybrid: possible error in RNGkind(sample.kind = "default"): unused
     argument (sample.kind = "default")
    gofKendallCvM: possible error in RNGkind(sample.kind = "default"):
     unused argument (sample.kind = "default")
    gofKendallKS: possible error in RNGkind(sample.kind = "default"):
     unused argument (sample.kind = "default")
    gofKernel: possible error in RNGkind(sample.kind = "default"): unused
     argument (sample.kind = "default")
    gofPIOSRn: possible error in RNGkind(sample.kind = "default"): unused
     argument (sample.kind = "default")
    gofPIOSTn: possible error in RNGkind(sample.kind = "default"): unused
     argument (sample.kind = "default")
    gofRosenblattChisq: possible error in RNGkind(sample.kind = "default"):
     unused argument (sample.kind = "default")
    gofRosenblattGamma: possible error in RNGkind(sample.kind = "default"):
     unused argument (sample.kind = "default")
    gofRosenblattSnB: possible error in RNGkind(sample.kind = "default"):
     unused argument (sample.kind = "default")
    gofRosenblattSnC: possible error in RNGkind(sample.kind = "default"):
     unused argument (sample.kind = "default")
    gofSn: possible error in RNGkind(sample.kind = "default"): unused
     argument (sample.kind = "default")
    gofWhite: possible error in RNGkind(sample.kind = "default"): unused
     argument (sample.kind = "default")
    gofco: possible error in RNGkind(sample.kind = "default"): unused
     argument (sample.kind = "default")
Flavors: r-oldrel-windows-ix86+x86_64, r-oldrel-osx-x86_64

Version: 0.3-1
Check: whether package can be installed
Result: WARN
    Found the following significant warnings:
     Note: possible error in 'RNGkind(sample.kind = "default")': unused argument (sample.kind = "default")
    See ‘/Volumes/SSD-Data/Builds/R-dev-web/QA/Simon/packages/el-capitan-x86_64/results/3.5/gofCopula.Rcheck/00install.out’ for details.
    Information on the location(s) of code generating the ‘Note’s can be
    obtained by re-running with environment variable R_KEEP_PKG_SOURCE set
    to ‘yes’.
Flavor: r-oldrel-osx-x86_64