Last updated on 2024-05-01 16:52:56 CEST.
Flavor | Version | Tinstall | Tcheck | Ttotal | Status | Flags |
---|---|---|---|---|---|---|
r-devel-linux-x86_64-debian-clang | 0.1 | 78.39 | 96.61 | 175.00 | OK | |
r-devel-linux-x86_64-debian-gcc | 0.1 | 54.65 | 70.43 | 125.08 | OK | |
r-devel-linux-x86_64-fedora-clang | 0.1 | 213.21 | NOTE | |||
r-devel-linux-x86_64-fedora-gcc | 0.1 | 221.53 | NOTE | |||
r-devel-windows-x86_64 | 0.1 | 53.00 | 103.00 | 156.00 | OK | |
r-patched-linux-x86_64 | 0.1 | 48.55 | 90.72 | 139.27 | OK | |
r-release-linux-x86_64 | 0.1 | 51.73 | 90.58 | 142.31 | OK | |
r-release-macos-arm64 | 0.1 | 53.00 | NOTE | |||
r-release-windows-x86_64 | 0.1 | 53.00 | 105.00 | 158.00 | OK | |
r-oldrel-macos-arm64 | 0.1 | 60.00 | NOTE | |||
r-oldrel-macos-x86_64 | 0.1 | 96.00 | NOTE | |||
r-oldrel-windows-x86_64 | 0.1 | 65.00 | 125.00 | 190.00 | OK |
Version: 0.1
Check: dependencies in R code
Result: NOTE
Namespace in Imports field not imported from: ‘Rcpp’
All declared Imports should be used.
Flavors: r-devel-linux-x86_64-fedora-clang, r-devel-linux-x86_64-fedora-gcc
Version: 0.1
Check: installed package size
Result: NOTE
installed size is 5.4Mb
sub-directories of 1Mb or more:
libs 5.1Mb
Flavors: r-release-macos-arm64, r-oldrel-macos-arm64, r-oldrel-macos-x86_64