Last updated on 2024-03-28 14:48:30 CET.
Flavor | Version | Tinstall | Tcheck | Ttotal | Status | Flags |
---|---|---|---|---|---|---|
r-devel-linux-x86_64-debian-clang | 0.3.0 | 5.78 | 64.36 | 70.14 | NOTE | |
r-devel-linux-x86_64-debian-gcc | 0.3.0 | 4.55 | 49.59 | 54.14 | NOTE | |
r-devel-linux-x86_64-fedora-clang | 0.3.0 | 89.95 | NOTE | |||
r-devel-linux-x86_64-fedora-gcc | 0.3.0 | 99.57 | NOTE | |||
r-devel-windows-x86_64 | 0.3.0 | 7.00 | 77.00 | 84.00 | NOTE | |
r-patched-linux-x86_64 | 0.3.0 | 8.53 | 62.59 | 71.12 | NOTE | |
r-release-linux-x86_64 | 0.3.0 | 5.14 | 59.80 | 64.94 | NOTE | |
r-release-macos-arm64 | 0.3.0 | 58.00 | NOTE | |||
r-release-macos-x86_64 | 0.3.0 | 64.00 | NOTE | |||
r-release-windows-x86_64 | 0.3.0 | 9.00 | 82.00 | 91.00 | NOTE | |
r-oldrel-macos-arm64 | 0.3.0 | 35.00 | NOTE | |||
r-oldrel-windows-x86_64 | 0.3.0 | 9.00 | 78.00 | 87.00 | NOTE |
Version: 0.3.0
Check: Rd files
Result: NOTE
checkRd: (-1) gl_nlp.Rd:31: Lost braces in \itemize; \value handles \item{}{} directly
checkRd: (-1) gl_nlp.Rd:32: Lost braces in \itemize; \value handles \item{}{} directly
checkRd: (-1) gl_nlp.Rd:33: Lost braces in \itemize; \value handles \item{}{} directly
checkRd: (-1) gl_nlp.Rd:34: Lost braces in \itemize; \value handles \item{}{} directly
checkRd: (-1) gl_nlp.Rd:35: Lost braces in \itemize; \value handles \item{}{} directly
checkRd: (-1) gl_nlp.Rd:36: Lost braces in \itemize; \value handles \item{}{} directly
checkRd: (-1) gl_nlp.Rd:37: Lost braces in \itemize; \value handles \item{}{} directly
Flavors: r-devel-linux-x86_64-debian-clang, r-devel-linux-x86_64-debian-gcc, r-devel-linux-x86_64-fedora-clang, r-devel-linux-x86_64-fedora-gcc, r-devel-windows-x86_64, r-patched-linux-x86_64
Version: 0.3.0
Check: LazyData
Result: NOTE
'LazyData' is specified without a 'data' directory
Flavors: r-devel-linux-x86_64-debian-clang, r-devel-linux-x86_64-debian-gcc, r-devel-linux-x86_64-fedora-clang, r-devel-linux-x86_64-fedora-gcc, r-devel-windows-x86_64, r-patched-linux-x86_64, r-release-linux-x86_64, r-release-macos-arm64, r-release-macos-x86_64, r-release-windows-x86_64, r-oldrel-macos-arm64, r-oldrel-windows-x86_64