Last updated on 2025-01-19 05:49:09 CET.
Flavor | Version | Tinstall | Tcheck | Ttotal | Status | Flags |
---|---|---|---|---|---|---|
r-devel-linux-x86_64-debian-clang | 0.8.5 | 32.93 | 38.82 | 71.75 | OK | |
r-devel-linux-x86_64-debian-gcc | 0.8.5 | 27.29 | 32.83 | 60.12 | OK | |
r-devel-linux-x86_64-fedora-clang | 0.8.5 | 125.69 | OK | |||
r-devel-linux-x86_64-fedora-gcc | 0.8.5 | 151.14 | OK | |||
r-devel-windows-x86_64 | 0.8.5 | 99.00 | 86.00 | 185.00 | OK | |
r-patched-linux-x86_64 | 0.8.5 | 37.56 | 38.47 | 76.03 | OK | |
r-release-linux-x86_64 | 0.8.5 | 38.83 | 38.23 | 77.06 | OK | |
r-release-macos-arm64 | 0.8.5 | 60.00 | NOTE | |||
r-release-macos-x86_64 | 0.8.5 | 142.00 | NOTE | |||
r-release-windows-x86_64 | 0.8.5 | 104.00 | 82.00 | 186.00 | NOTE | |
r-oldrel-macos-arm64 | 0.8.5 | 58.00 | NOTE | |||
r-oldrel-macos-x86_64 | 0.8.5 | 136.00 | NOTE | |||
r-oldrel-windows-x86_64 | 0.8.5 | 107.00 | 100.00 | 207.00 | NOTE |
Version: 0.8.5
Check: installed package size
Result: NOTE
installed size is 47.0Mb
sub-directories of 1Mb or more:
i 43.6Mb
libs 2.6Mb
Flavors: r-release-macos-arm64, r-release-macos-x86_64, r-release-windows-x86_64, r-oldrel-macos-arm64, r-oldrel-macos-x86_64, r-oldrel-windows-x86_64