CRAN Package Check Results for Package googledrive

Last updated on 2025-01-19 05:49:09 CET.

Flavor Version Tinstall Tcheck Ttotal Status Flags
r-devel-linux-x86_64-debian-clang 2.1.1 7.62 69.27 76.89 NOTE
r-devel-linux-x86_64-debian-gcc 2.1.1 5.41 48.84 54.25 NOTE
r-devel-linux-x86_64-fedora-clang 2.1.1 121.45 OK
r-devel-linux-x86_64-fedora-gcc 2.1.1 140.08 OK
r-devel-windows-x86_64 2.1.1 11.00 100.00 111.00 NOTE
r-patched-linux-x86_64 2.1.1 11.42 64.55 75.97 OK
r-release-linux-x86_64 2.1.1 6.28 63.61 69.89 OK
r-release-macos-arm64 2.1.1 44.00 OK
r-release-macos-x86_64 2.1.1 72.00 OK
r-release-windows-x86_64 2.1.1 12.00 95.00 107.00 OK
r-oldrel-macos-arm64 2.1.1 42.00 OK
r-oldrel-macos-x86_64 2.1.1 79.00 OK
r-oldrel-windows-x86_64 2.1.1 11.00 109.00 120.00 OK

Check Details

Version: 2.1.1
Check: Rd cross-references
Result: NOTE Found the following Rd file(s) with Rd \link{} targets missing package anchors: request_make.Rd: httr Please provide package anchors for all Rd \link{} targets not in the package itself and the base packages. Flavors: r-devel-linux-x86_64-debian-clang, r-devel-linux-x86_64-debian-gcc, r-devel-windows-x86_64