CRAN Package Check Results for Package googlenlp

Last updated on 2025-01-19 05:49:09 CET.

Flavor Version Tinstall Tcheck Ttotal Status Flags
r-devel-linux-x86_64-debian-clang 0.2.0 4.42 34.84 39.26 OK
r-devel-linux-x86_64-debian-gcc 0.2.0 3.42 25.09 28.51 OK
r-devel-linux-x86_64-fedora-clang 0.2.0 63.65 OK
r-devel-linux-x86_64-fedora-gcc 0.2.0 59.53 OK
r-devel-windows-x86_64 0.2.0 7.00 55.00 62.00 OK
r-patched-linux-x86_64 0.2.0 4.84 32.01 36.85 NOTE
r-release-linux-x86_64 0.2.0 3.80 32.32 36.12 NOTE
r-release-macos-arm64 0.2.0 21.00 NOTE
r-release-macos-x86_64 0.2.0 49.00 NOTE
r-release-windows-x86_64 0.2.0 7.00 56.00 63.00 NOTE
r-oldrel-macos-arm64 0.2.0 23.00 NOTE
r-oldrel-macos-x86_64 0.2.0 32.00 NOTE
r-oldrel-windows-x86_64 0.2.0 7.00 63.00 70.00 NOTE

Check Details

Version: 0.2.0
Check: LazyData
Result: NOTE 'LazyData' is specified without a 'data' directory Flavors: r-patched-linux-x86_64, r-release-linux-x86_64, r-release-macos-arm64, r-release-macos-x86_64, r-release-windows-x86_64, r-oldrel-macos-arm64, r-oldrel-macos-x86_64, r-oldrel-windows-x86_64