Last updated on 2024-04-21 13:55:31 CEST.
Flavor | Version | Tinstall | Tcheck | Ttotal | Status | Flags |
---|---|---|---|---|---|---|
r-devel-linux-x86_64-debian-clang | 1.1.1 | 6.72 | 86.62 | 93.34 | OK | |
r-devel-linux-x86_64-debian-gcc | 1.1.1 | 6.09 | 62.90 | 68.99 | OK | |
r-devel-linux-x86_64-fedora-clang | 1.1.1 | 116.96 | NOTE | |||
r-devel-linux-x86_64-fedora-gcc | 1.1.1 | 112.59 | OK | |||
r-prerel-macos-arm64 | 1.1.1 | 33.00 | OK | |||
r-prerel-windows-x86_64 | 1.1.1 | 9.00 | 88.00 | 97.00 | OK | |
r-patched-linux-x86_64 | 1.1.1 | 14.52 | 81.66 | 96.18 | OK | |
r-release-linux-x86_64 | 1.1.1 | 8.15 | 82.97 | 91.12 | OK | |
r-release-macos-arm64 | 1.1.1 | 37.00 | OK | |||
r-release-macos-x86_64 | 1.1.1 | 69.00 | OK | |||
r-release-windows-x86_64 | 1.1.1 | 13.00 | 101.00 | 114.00 | OK | |
r-oldrel-macos-arm64 | 1.1.1 | 43.00 | OK | |||
r-oldrel-windows-x86_64 | 1.1.1 | 13.00 | 102.00 | 115.00 | OK |
Version: 1.1.1
Check: Rd cross-references
Result: NOTE
Undeclared package ‘jsonlite’ in Rd xrefs
Flavor: r-devel-linux-x86_64-fedora-clang