Last updated on 2025-01-19 05:49:09 CET.
Flavor | Version | Tinstall | Tcheck | Ttotal | Status | Flags |
---|---|---|---|---|---|---|
r-devel-linux-x86_64-debian-clang | 1.1-2 | 7.87 | 81.87 | 89.74 | NOTE | |
r-devel-linux-x86_64-debian-gcc | 1.1-2 | 5.84 | 58.56 | 64.40 | NOTE | |
r-devel-linux-x86_64-fedora-clang | 1.1-2 | 143.89 | OK | |||
r-devel-linux-x86_64-fedora-gcc | 1.1-2 | 151.72 | OK | |||
r-devel-windows-x86_64 | 1.1-2 | 8.00 | 90.00 | 98.00 | NOTE | |
r-patched-linux-x86_64 | 1.1-2 | 9.81 | 76.98 | 86.79 | OK | |
r-release-linux-x86_64 | 1.1-2 | 7.44 | 76.46 | 83.90 | OK | |
r-release-macos-arm64 | 1.1-2 | 48.00 | OK | |||
r-release-macos-x86_64 | 1.1-2 | 71.00 | OK | |||
r-release-windows-x86_64 | 1.1-2 | 8.00 | 94.00 | 102.00 | OK | |
r-oldrel-macos-arm64 | 1.1-2 | 51.00 | OK | |||
r-oldrel-macos-x86_64 | 1.1-2 | 80.00 | OK | |||
r-oldrel-windows-x86_64 | 1.1-2 | 11.00 | 106.00 | 117.00 | OK |
Version: 1.1-2
Check: Rd cross-references
Result: NOTE
Found the following Rd file(s) with Rd \link{} targets missing package
anchors:
orgls.Rd: varClasses, corClasses, solve.QP
orglsSet.Rd: varClasses, corClasses
orlm.Rd: solve.QP
Please provide package anchors for all Rd \link{} targets not in the
package itself and the base packages.
Flavors: r-devel-linux-x86_64-debian-clang, r-devel-linux-x86_64-debian-gcc, r-devel-windows-x86_64