CRAN Package Check Results for Package govdown

Last updated on 2025-01-19 05:49:09 CET.

Flavor Version Tinstall Tcheck Ttotal Status Flags
r-devel-linux-x86_64-debian-clang 0.10.1 2.05 18.71 20.76 OK
r-devel-linux-x86_64-debian-gcc 0.10.1 1.53 15.65 17.18 OK
r-devel-linux-x86_64-fedora-clang 0.10.1 33.84 OK
r-devel-linux-x86_64-fedora-gcc 0.10.1 33.50 OK
r-devel-windows-x86_64 0.10.1 3.00 41.00 44.00 OK
r-patched-linux-x86_64 0.10.1 2.07 18.00 20.07 NOTE
r-release-linux-x86_64 0.10.1 1.70 17.90 19.60 NOTE
r-release-macos-arm64 0.10.1 16.00 NOTE
r-release-macos-x86_64 0.10.1 22.00 NOTE
r-release-windows-x86_64 0.10.1 5.00 42.00 47.00 NOTE
r-oldrel-macos-arm64 0.10.1 16.00 NOTE
r-oldrel-macos-x86_64 0.10.1 21.00 NOTE
r-oldrel-windows-x86_64 0.10.1 4.00 45.00 49.00 NOTE

Check Details

Version: 0.10.1
Check: LazyData
Result: NOTE 'LazyData' is specified without a 'data' directory Flavors: r-patched-linux-x86_64, r-release-linux-x86_64, r-release-macos-arm64, r-release-macos-x86_64, r-release-windows-x86_64, r-oldrel-macos-arm64, r-oldrel-macos-x86_64, r-oldrel-windows-x86_64